igit of h(n)?
1
Let b = -91 + 82. What is the tens digit of (-1)/3 + (-894)/b?
9
Suppose -2*m + 31 = -m. Let k = 62 - m. Suppose -8*w - k = -9*w. What is the tens digit of w?
3
Let b = 255 + -455. Let y = -138 - b. What is the units digit of y?
2
Let h = -13 + 15. Suppose -h*n = -3*f + 137, 2*f + 2*n + 39 = 3*f. What is the units digit of f?
9
Suppose -4 = 2*r - 6. Suppose w + 0*t = t + r, 11 = 5*w + t. What is the units digit of w?
2
Let k(o) = 79*o**2 - 5 - 5 + 11. What is the units digit of k(1)?
0
Let y(o) = -72*o + 2. Let g be y(-1). Suppose -g = -w + 4*t, -4*w + 204 - 8 = 4*t. Suppose 5*z + 4*c = w, -c - 60 = -2*z - 2*z. What is the units digit of z?
4
Let i(b) = b**2 - b + 2. Let j be i(4). Let u be (-69)/(-21) - 4/j. Suppose -26 - 30 = -2*l - 2*o, -36 = -l - u*o. What is the tens digit of l?
2
Suppose 0 = h - 3 - 1. Let y(z) = 24*z - 5. What is the units digit of y(h)?
1
Suppose 18 + 67 = -5*l. Let k = 22 - l. What is the tens digit of k?
3
Suppose -20 = -5*y + 3*v - 1, 3*y + 3*v - 21 = 0. Let w be (-10)/(-3) + 8/12. Suppose -w*a - 1 = -y. What is the units digit of a?
1
Let x(h) = h**3 + 8*h**2 + 3. Let i be x(-8). Suppose i*d - 104 - 76 = 0. What is the tens digit of d?
6
Let q(s) = -s**2 + 6*s + 1500. What is the units digit of q(0)?
0
Let i(g) = g**2 - 7*g + 1. Let z be i(7). Let t be z/(-4)*-4*6. What is the tens digit of (-520)/(-30) - 8/t?
1
Suppose 0 = -5*c - 10, -41*c + 3358 = 5*q - 40*c. What is the tens digit of q?
7
Let s(i) = i**3 - 6*i**2 - 12*i - 5. What is the tens digit of s(11)?
6
Let r(t) = -t**3 + 44*t**2 - 16*t - 77. What is the tens digit of r(43)?
8
What is the thousands digit of ((-3706)/(-7))/((-292)/(-1022))?
1
Suppose -2*t - c = -1306, -3*t + 2156 - 194 = 3*c. What is the tens digit of t?
5
Let z = 680 - 570. What is the tens digit of z?
1
Suppose -353*a = -351*a - 1592. What is the hundreds digit of a?
7
Let j(m) = -m**2 + 3*m + 3. Let z be j(0). Suppose -2*g = 5*p - z*g - 284, -g + 58 = p. What is the units digit of p?
7
Let a = -110 - -112. What is the units digit of 18*a*(-8)/(-6)?
8
Let p be ((-5)/15)/((-2)/11022). Suppose 0 = 4*s - p + 593. What is the tens digit of s?
1
Let z(k) = -k**2 + 17*k. Let r be z(17). Suppose y = -2*v + 99, 5*y - 25 + 0 = r. What is the units digit of v?
7
Let v(r) = -r**2 - 19*r - 15. Let h(s) = s**2 - s - 1. Let m(b) = -2*h(b) - v(b). What is the tens digit of m(21)?
1
Suppose 6854 = 16*k - 6586. What is the tens digit of k?
4
Let z = 69 - -114. What is the hundreds digit of z?
1
Let v be (-33)/(-5) - (-2)/5. Suppose -2 = x + l, -2*x - v = 6*l - l. What is the tens digit of ((-10)/(-25))/(x/(-130))?
5
Let g(b) = b**2 - 63*b - 143. What is the tens digit of g(-37)?
5
Let x(v) = 3*v - 2*v - 4 - 2*v + 0*v. Let q be x(-4). Suppose q*i = -4*i + 4*a + 48, -3*i + 1 = 4*a. What is the units digit of i?
7
Let g(k) = -60*k + 1. Let c be g(6). Let y = -192 - c. What is the tens digit of y?
6
Let t(l) = -l**2 + 25*l - 18. Let v be t(13). Let p = v + -51. What is the tens digit of p?
8
Let m(g) = 2*g**3 - 16*g**2 + 5*g - 6. Let x be m(8). What is the tens digit of 60/510 + 6558/x?
9
Suppose -33 = -18*f + 7*f. Suppose -5*o - z + 429 = 0, -4 = -2*o + 5*z + 173. Suppose -4*w + 22 = 2*r - 46, f*r - o = -2*w. What is the units digit of r?
6
Suppose 33*y + 712 = 37*y. Let v = y - 119. What is the units digit of v?
9
Let o(j) = 22*j - 12. Let g be o(6). Suppose 2*x + 0*x - g = 0. What is the tens digit of x?
6
Let o = 88 - 154. Let c = 108 + o. What is the units digit of c?
2
Let k(z) = -z**3 - 5*z**2 + 21*z + 9. Suppose -3*g + 171 - 51 = 0. Let m be ((-6)/(-15))/((-2)/g). What is the units digit of k(m)?
3
Suppose 5*l = -2*m + 36, l - 2*l + 4*m + 16 = 0. What is the units digit of 234/3 - (l + -4)?
4
Suppose -4 = j - 10. Suppose 0 = j*i - 577 + 49. What is the units digit of i?
8
Suppose 2*x = -4*z + 3350, 11*z + 3344 = 2*x + 13*z. What is the hundreds digit of x?
6
Suppose 27*f = 23*f + 2336. What is the units digit of f?
4
Let d = -40 - -104. Suppose 23*q - 24*q + d = 0. What is the tens digit of q?
6
Suppose -5*m + 3*b + 1056 = -782, -3*b - 358 = -m. What is the tens digit of m?
7
Let x(h) = -5*h + 1 + 2 - 6 + h**2 + 1. Let q be x(6). Suppose 4 = -4*g, -3*l - g - g = -q. What is the units digit of l?
2
Let r(m) = 3*m**2 + m - 6. Let a(o) = -15*o**2 - 4*o + 34. Let k(h) = 2*a(h) + 11*r(h). Let z be (-2)/(1 - 2/4). What is the tens digit of k(z)?
3
Suppose 0 = -63*c + 59*c + 12. Suppose -45 - 516 = -c*r. What is the units digit of r?
7
Let p(o) = o**2 - 23*o + 43. What is the units digit of p(21)?
1
Let i = 1586 - -128. What is the thousands digit of i?
1
Suppose 1416 = 3*j + 3*r, -2*j = j - 2*r - 1406. What is the hundreds digit of j?
4
Suppose -b - 2307 = -8*s + 4*s, 5*s - 5*b = 2895. What is the tens digit of s?
7
What is the units digit of (858/65 + -13)/((-2)/(-2510))?
1
Suppose -3*r = -x + 31, -2*x + 4 = 3*r - 85. What is the tens digit of x?
4
Suppose 129 = 3*j - 0*j. Suppose -13 = -2*h + j. What is the units digit of h - (1 + -2 + 3)?
6
Let w(m) = -9*m + 40. Let f(v) = 9*v - 40. Let j(y) = 4*f(y) + 3*w(y). What is the tens digit of j(14)?
8
Suppose 0*p = -2*p + 4, 2*i - 2*p = 140. Suppose 4*y - i = -3*r, -3*y = 3*r - 69 - 6. What is the tens digit of r?
2
What is the units digit of (-24)/(-1)*590/30?
2
Let f = 3041 + 1176. What is the units digit of f?
7
Let o(w) = w**2 - 17*w - 22. Let j(g) = 9*g**3 + 2*g**2 + g. Let v be j(-1). Let d = v - -27. What is the tens digit of o(d)?
1
Let v = 184 - 335. Let k = v + 255. What is the tens digit of k?
0
Let t be ((-321)/4)/((-2)/8). What is the tens digit of 5/(-10) + t/6?
5
Let h(v) = -26 - 8*v - 16 + 72 - 25. Let p = -3 + -1. What is the tens digit of h(p)?
3
What is the units digit of 3 + (-13845)/(-10) - (-4)/8?
8
Let n(c) = 123*c + 5. Let p be 0 - (4 + -5)*2. What is the tens digit of n(p)?
5
Let s(a) = 12*a - 11. Let j be s(-9). Let l = j + 231. What is the units digit of l?
2
Let a = -3199 + 4714. Suppose 24*b - a = 9*b. What is the hundreds digit of b?
1
Let s(a) = -4*a + 44. Let g be s(10). Let z(k) = k**2 + 2*k + 0 + 4 - 5*k. What is the units digit of z(g)?
8
Suppose 3*c + 4*r - 3499 = 0, 5390 = 5*c + 5*r - 435. What is the thousands digit of c?
1
Suppose 3*o + 75 = -2*o + 5*a, 3*o + 3*a + 15 = 0. What is the tens digit of (66/(-15))/(4/o)?
1
What is the tens digit of 23733/33 + 6/(-33)?
1
Let a = 37 + -55. Let s = a - -87. What is the units digit of s?
9
Let o be (40/16)/(1/(-2) - 0). Let s(y) = -y**3 - 4*y**2 - 2*y + 6. What is the tens digit of s(o)?
4
Let y(i) = 1143*i + 243. What is the tens digit of y(3)?
7
What is the tens digit of (-2)/(-5 + 7) - -548?
4
Let k(a) = 19*a + 146. What is the units digit of k(-4)?
0
Suppose 5*u - 5*q - 8875 = 0, -2*q + 6954 + 146 = 4*u. What is the units digit of u?
5
Let s(z) = -z - 4. Let x be s(-10). Suppose 0 = -v + x*v - 300. Let h = v + -2. What is the units digit of h?
8
Suppose 3*o + 2*s - 10 = 0, s = 3*o - 7*o + 10. Let x be 4 + 6 + -3 + -3. Suppose x*l = -2*v + 98, -o*v + 4*l = 2*v - 184. What is the units digit of v?
7
Let f be -3*1/(-2 + 1). Suppose -2*l = -4*l + 112. Suppose l = f*v - v. What is the units digit of v?
8
Let m(z) be the second derivative of z**4/12 + 5*z**3/6 - 7*z**2/2 - 9*z. What is the units digit of m(-7)?
7
Suppose -4*t = -4*r - 724, 2*t - 130 = r + 235. What is the units digit of t?
4
Let w(q) = -34*q - 1. Let b(o) = 2*o - 16. Let s be b(7). What is the tens digit of w(s)?
6
Let j = 6682 + -1615. What is the thousands digit of j?
5
Let t = -832 + 2235. What is the tens digit of t?
0
Let q(i) = i - 1. Let r be q(3). Let h = 9 - 27. What is the units digit of 3*r/(h/(-33))?
1
Suppose 5*c + 5*f - 4470 = 0, 4*c = 5*f + 1471 + 2087. What is the hundreds digit of c?
8
Let p(d) = -182*d**3 + 2*d**2 + 4*d + 6. What is the tens digit of p(-2)?
6
Suppose 8*h - 5544 = 5*h. What is the units digit of h?
8
Suppose 5*h - 2179 = -4*c, 3*c - 874 = -2*h - c. What is the tens digit of h?
3
Let v = 16 - 16. Suppose -124 = -2*m - v*m. What is the units digit of m?
2
Let b = -24 - -24. Suppose b*r + 2*r + 3*g - 1 = 0, 4*r + 5 = g. Let l = r + 8. What is the units digit of l?
7
Suppose -5450 = -3*b - 4*y, 15*b - 5*y - 5405 = 12*b. What is the thousands digit of b?
1
What is the